 of w and 28.
28
Let q be 1 + (-947)/(-7) + 40/(-140). Suppose 135 = -5*t + 5*p, -3*t = 6*p - 4*p + 86. Let s = t + 45. Calculate the greatest common factor of s and q.
17
Let x(i) = 287*i + 4463. Let u be x(8). What is the greatest common divisor of 18 and u?
9
Suppose 103*j - 5555 = 19989. Calculate the greatest common factor of 504 and j.
8
Let c be -24*2387/(-93) - (4 - -1). Calculate the highest common divisor of c and 1504.
47
Let b(y) = y**2 - 10*y + 12. Suppose -11*l = -9*l + 16. Let v be b(l). Suppose r + 4 = h - 167, h + 4*r = v. What is the greatest common factor of 21 and h?
21
Let b = 1599 - 1515. What is the greatest common divisor of b and 308?
28
Let k(x) = -324*x + 852. Let z be k(-27). What is the highest common divisor of 32 and z?
32
Let f(h) = 4*h + 5*h + 6 + 4*h - 5*h. Let i be f(-2). Let g = i - -28. Calculate the highest common divisor of g and 144.
18
Let c(w) = -w**2 - 14*w + 20. Let l be c(-15). Suppose -4*d + 3*x + 141 = 0, 3*x = -l*d + 23 + 133. What is the highest common divisor of d and 9?
3
Suppose -21707 - 5617 = -12*w - 0*w. Calculate the highest common divisor of w and 132.
33
Suppose 4*d - 29 = 7. Suppose d*p + 34 = 10*p. What is the greatest common divisor of p and 119?
17
Suppose -8*o + 3*o = 2*s - 325, -330 = -5*o - 3*s. Suppose 22 = 17*n - o. Calculate the highest common divisor of 2 and n.
1
Let x(k) = 33*k**3 + k**2 + 2*k. Let r be x(2). Suppose 128*l = 195*l - 1139. What is the highest common divisor of l and r?
17
Let x(p) = 20*p**3 - 10*p + 13. Let m be x(2). Calculate the highest common divisor of m and 697.
17
Let p be (3 - -13)/1 + 1. Let o(f) = -3*f**2 + 265*f - 212. Let y be o(87). What is the highest common factor of p and y?
17
Let x be ((-8)/(-2))/(((-24)/14)/(-6)). Suppose 11*z - f + 164 = x*z, 4*f - 8 = 0. What is the greatest common factor of z and 18?
18
Let i = 24 - 18. Suppose 15*n - 10 = -19*n + 330. Calculate the greatest common divisor of n and i.
2
Suppose 2*c - 26 = -36, -4*c - 392 = -3*w. Calculate the greatest common factor of w and 403.
31
Let p be ((-56)/6)/(42/(-315)). Let w(h) = h**3 + 4*h**2 - h - 8. Let q be w(-2). Let v be (q - -12)*(5 - 3). What is the greatest common divisor of p and v?
14
Suppose -16*d - 93784 = -50*d + 15*d. What is the highest common divisor of d and 24?
8
Let v(g) = -g**2 + 3*g - 20. Let d be v(12). Let c = -58 - d. Calculate the highest common divisor of c and 910.
70
Suppose 21*x - 2969 - 2302 = 0. Suppose 17*r - x = 2469. Calculate the greatest common divisor of 80 and r.
80
Let b = -63 + 73. Suppose -28 = 3*x - b*x. Let s be -10*1/(-2) - 3. What is the highest common factor of x and s?
2
Let f be (-39030)/(-56) + 235/6580. Calculate the greatest common factor of 17 and f.
17
Suppose 0 = -2*u + 3*u - 2. Let s = -136 + 143. Suppose -s*b + 184 = 5*c - 11*b, -u*c = -2*b - 74. Calculate the greatest common divisor of 72 and c.
36
Let p = 59 + -31. Suppose -2*h = 8*h - 50. Suppose 2*f = h*f - 840. Calculate the greatest common factor of p and f.
28
Suppose 5*z - 61152 = -4*u, -39*z + 35*z - u + 48926 = 0. Calculate the greatest common factor of 88 and z.
88
Let m(t) = 13*t - 60 - 69 + 13. Let a be m(11). What is the greatest common factor of 9 and a?
9
Suppose 5*n - 4*v + 262 = 1232, 5*n = -2*v + 940. Suppose n*k - 224 = 174*k. What is the greatest common factor of 14 and k?
14
Let q(o) = -2*o - 22. Let s(z) = z + 13. Let t(f) = 3*q(f) + 4*s(f). Let h = 18 + -26. Let n be t(h). What is the greatest common factor of 5 and n?
1
Let u(a) = -a**2 - 34*a - 189. Let f be u(-11). Calculate the highest common factor of f and 3136.
64
Let a = 8415 - 8371. What is the greatest common factor of a and 108?
4
Suppose -2*i + 28 = 5*z, 4*i = 14*z - 17*z + 42. What is the highest common divisor of i and 2880?
9
Let j = 254 - 239. Suppose 592 = j*y - 578. Calculate the greatest common factor of 104 and y.
26
Let y = 216 - 143. Let n(x) = 19*x + 524. Let a be n(7). Calculate the highest common divisor of a and y.
73
Let p = 13512 - 13494. Let a = -1 + 3. Let n be (a/5)/((-2)/(-10)). What is the highest common divisor of p and n?
2
Suppose -64*i = -73*i + 4230. Suppose -478*f + 2080 = -i*f. What is the greatest common divisor of f and 78?
26
Suppose 5*g = b - 3*b + 1198, g = -2*b + 238. Suppose 30*y - 40*y = -g. What is the highest common factor of 42 and y?
6
Suppose 0 = -4*r - 9*r + 715. Suppose d + 246 = 741. Calculate the greatest common factor of d and r.
55
Let v be ((-32)/(-6))/((-2)/486*-6). Let z = 228 - v. Calculate the highest common divisor of z and 516.
12
Let l(j) = j + 6. Let p be l(-4). Suppose 0 = -p*o + 1 + 5. Suppose 3*b = o*t + 153, 63 = b - 0*t + 2*t. What is the greatest common factor of b and 11?
11
Let o(b) = -2*b - 104 + 104. Let x be o(-14). Calculate the greatest common factor of x and 14.
14
Let d = -44 - -88. Let o be 4/(-14) - 1328/56. Let x be (-6)/4 + (-564)/o. Calculate the greatest common divisor of d and x.
22
Suppose 0 = -65*a + 45*a + 3800. Let j = 62 - 52. Calculate the greatest common divisor of j and a.
10
Let t be (7 + -9)*((2 - 4) + 1). Let d(u) = -11*u**3 + 6*u**3 + 11 - u + 4*u**3 - 13*u**t. Let n be d(-13). Calculate the greatest common factor of 12 and n.
12
Let v(f) = -2*f + 1. Let a(g) = -30*g - 10. Let r(u) = a(u) - 12*v(u). Let j be r(-8). Calculate the highest common factor of j and 39.
13
Suppose 0 = 8*v - 2*v - 2580. Let k = v - 415. What is the greatest common divisor of k and 155?
5
Suppose 0 = 15*r - 9*r - 468. Let a = 2 + r. What is the highest common factor of a and 5?
5
Let p(u) = 825*u**2 + 2*u + 1. Let b be p(1). What is the greatest common factor of 345 and b?
69
Let j(l) = -6*l - 2. Let u be j(-2). Let f(i) = -2*i**2 - 24*i - 67. Let o be f(-6). Calculate the highest common divisor of o and u.
5
Let m = 17 + 8. Let d be 5*(85/m - 3). Suppose d*i - 5*x - 48 = 0, 4*i - 3*x - 15 = 95. What is the greatest common divisor of i and 319?
29
Suppose 5*l - 4*s = 416 - 48, s - 286 = -4*l. Let h = -112 - -120. What is the highest common factor of h and l?
8
Let c = -330 + 355. Suppose 2*b - k - 5 = 0, 3*b - 2*k - 1 = 2*b. Suppose -117 = -b*j + 558. Calculate the greatest common factor of c and j.
25
Suppose i + 22 - 28 = 0. Suppose 5*a - 2*a = i. Suppose 39 = 3*h + a*l, h + 2*l = -0*h + 13. Calculate the highest common divisor of h and 143.
13
Suppose 35*v - 10 = 30*v. Suppose v*f - 106 = -2*w, -5*f + 57 = w - 204. Calculate the highest common divisor of f and 221.
13
Let a be 1*(-2838)/(-30) - 4/(-10). Suppose -2*n + 135 - a = 0. Calculate the highest common divisor of n and 70.
10
Suppose 4911 = 6*z + 1767. Let w = -248 + z. What is the greatest common divisor of 23 and w?
23
Suppose -4*n - 624 = -2*i, -2*i - 1688 = -7*i - 6*n. Calculate the highest common factor of i and 30.
2
Suppose -10*w + 13*w = 1437. Let j = w + -279. Let a(c) = -c**3 + 20*c**2 + 40. Let k be a(20). What is the greatest common divisor of k and j?
40
Let r(z) = -z**2 + 6*z + 10. Let x be r(5). Let c(h) = 2*h + 1. Suppose 7*y - 5 = 2*y. Let f be c(y). Calculate the greatest common factor of x and f.
3
Let i be (-9 + (-1827)/27)*1*3. Let b = -118 - i. Suppose -5*s - 3*g + 152 = 0, 2*s + 5*g = 6*s - 92. What is the highest common divisor of b and s?
28
Suppose -211*z = 221*z - 443*z + 11858. What is the greatest common divisor of z and 168?
14
Suppose 4*s - 203 = 77. Suppose 12*d - 50 = s. What is the highest common factor of d and 35?
5
Suppose -3*x + 33 + 15 = 0. Let z = -9108 - -9188. Calculate the greatest common factor of z and x.
16
Suppose 6 = -947*w + 949*w, 5*w - 45 = -3*c. Calculate the highest common factor of 137 and c.
1
Let g(i) = i**2 + 2*i - 4. Let q be g(3). Suppose -26*f + 25 = -31*f. Let l = q + f. Calculate the highest common factor of 24 and l.
6
Let w(c) = c - 2. Let q be w(5). Suppose -2*k - 6 = 2*j + q*j, 5*k + 4*j - 2 = 0. Suppose 0 = k*a - 188 - 4. What is the highest common divisor of 32 and a?
32
Let q(v) = -4*v**2 + 42*v - 2. Let o be q(6). Calculate the greatest common factor of o and 10335.
53
Let a = 174 - 102. Suppose -42*d + 2544 = 11*d. What is the highest common factor of d and a?
24
Suppose 1658*g = 830*g + 827*g + 12. What is the greatest common factor of g and 172?
4
Let q = 14 - 3. Let s be q*(-2)/4*-70.